factors of f.
2, 17
Suppose -2*z - 2*z = -4*q + 28, q = 3*z + 5. Let j be q/2 - (2 - 1). What are the prime factors of ((-1)/(-3))/(j/54)?
2, 3
Suppose -6*k = 5*k - 26070. What are the prime factors of k?
2, 3, 5, 79
Let j(b) = b - 7*b + 2*b - 10 - b. List the prime factors of j(-15).
5, 13
Let w be -2 - 6/(-9)*21. Suppose 12 - 28 = 4*b, 20 = 4*z - b. Suppose 2*d + 2*j - 18 = -2*d, -z*d = 4*j - w. What are the prime factors of d?
2, 3
Let t(x) = 17*x**2 + x - 1. Let y be t(-1). Let g be 3/(-5) + y/25. Suppose g = 4*f - 12 - 4. List the prime factors of f.
2
Suppose 6*r = 11*r - 425. Suppose r = 2*f + 5*j - 13, 110 = 2*f - j. What are the prime factors of f?
2, 3
Let l = 469 + -203. What are the prime factors of l?
2, 7, 19
Suppose -13*v = -2*y - 10*v + 1159, -v + 1163 = 2*y. What are the prime factors of y?
7, 83
Let l be 1*-3 - (-9)/3*157. Suppose -7*f + l = -141. What are the prime factors of f?
3, 29
Suppose x = 3094 + 760. List the prime factors of x.
2, 41, 47
Let t be (-51)/(-9) + 10/(-15). What are the prime factors of t + (-3 + 4)*1?
2, 3
Let t(d) = d - 7. Let y be t(10). Suppose 3*f - 133 = y*r - 454, -3*r - 4*f + 349 = 0. List the prime factors of r.
3, 37
What are the prime factors of ((-3180)/(-75))/(3/15)?
2, 53
Let n = 13 - 14. Let p be (-2)/(n*2/58). Suppose 5*x - 4*q - 96 = -0*q, -3*x + 2*q + p = 0. What are the prime factors of x?
2, 5
Let a = -5 + 47. Let d = -36 + a. What are the prime factors of d?
2, 3
List the prime factors of 8/14*62286/12.
2, 1483
Suppose 32*s - 43*s = -1342. List the prime factors of s.
2, 61
Let q be (3 - 21)*2/(-3). Let v = -9 + q. Suppose 91 = v*j - 5*u, -j + 4*u = 2*u - 29. List the prime factors of j.
37
What are the prime factors of 1364/3 + (-42)/63?
2, 227
Suppose -2*m + c + 14 = 0, 11 + 10 = 3*m + 3*c. Let d = m + -1. Let t(y) = y + 11. What are the prime factors of t(d)?
17
Suppose -5*o + 3*o - 2*j - 46 = 0, -115 = 5*o + 2*j. Let u = o + 23. Suppose 3*w = -9, -4*f + u*w - 5*w = -69. List the prime factors of f.
3, 7
Let k(s) = 20*s + 23. Suppose 0 = -6*n - 6*n + 84. What are the prime factors of k(n)?
163
Suppose 0 = -8*h + 623 + 1425. Suppose w - 2*w = 0, -4*r = w - h. What are the prime factors of r?
2
Let v(k) = 71*k + 12. Let a be v(10). Let r be 6/4 - a/(-4). Suppose -r = -2*g - 30. List the prime factors of g.
2, 19
Suppose 2*m = -w - 10, m + 3 = 2*w - 7. Let v(s) = -4*s + 3. Let a be v(m). What are the prime factors of (-2)/9 - (-492)/a?
2, 3
Let u(t) = 77*t**2 + 2*t - 2. Let v(p) = -p + 3. Let o be v(2). List the prime factors of u(o).
7, 11
Suppose -42*y + 36*y + 510 = 0. List the prime factors of y.
5, 17
Suppose 19*m - 138 = 17*m. Let g = m + -37. What are the prime factors of g?
2
Let n(x) = x**3 + 6*x**2 - 7*x + 3. Let b(s) = s**2 + 7*s + 2. Let c be b(-7). Suppose 24 = -2*t - c*t. What are the prime factors of n(t)?
3, 5
Let v(b) = 24*b + 201. List the prime factors of v(18).
3, 211
Let w be 5/(-4) + (-6)/8. Let z be -2 - ((-1 - -2) + w). Let q(s) = -66*s**3 - s**2 - 2*s - 1. List the prime factors of q(z).
2, 3, 11
Let h(k) = 22*k**2 + 3*k - 5. Let g = -75 - -77. What are the prime factors of h(g)?
89
Let m be 231/(-14)*4/(-6). Suppose -11*l + 24 = -15*l. Let i = l + m. List the prime factors of i.
5
Suppose -10*o = -12*o - 516. Let h = o + 371. List the prime factors of h.
113
List the prime factors of -7 + 12/(72/10950).
2, 3, 101
Let m = 126 + -32. Let n = -36 + m. What are the prime factors of n?
2, 29
Let g(n) = -n + 8. Let o be g(6). Let c(q) = 7 + o*q**2 + 1 - q - 7 + 2. What are the prime factors of c(3)?
2, 3
Let w(i) = 0*i - 57*i**2 + 55*i**2 - i**3 - 15 - 3*i. What are the prime factors of w(-6)?
3, 7
Let v(y) = y**2 - 14*y - 15. Let w(r) = r + 1. Let a(c) = v(c) + 4*w(c). Let o be a(11). Suppose o*b + 40 = 4*b. What are the prime factors of b?
2, 5
Let b(v) = v**2 + 12*v + 8. List the prime factors of b(-22).
2, 3, 19
Suppose -2*n + 7389 - 49 = 0. What are the prime factors of n?
2, 5, 367
Let v = 1 - -23. Suppose -v + 112 = 4*t. List the prime factors of t.
2, 11
Let c be (-76 + -4 + 3)/1. Let s = c - -164. List the prime factors of s.
3, 29
Let t be 32/20 - (-2)/5. Let n(z) = -1 - 5 + 9*z**t - 13*z - 10*z**2. List the prime factors of n(-7).
2, 3
Let j(b) = -2 + 90*b - 5 + 4 + 5. Let o be j(-2). What are the prime factors of (-28)/(-98) - o/14?
13
Let l(r) = r**3 - 2*r**2 - 3*r - 2. Let a be l(3). What are the prime factors of -3 - (-2 + -43) - (a + 0)?
2, 11
Let r = 2 - 5. Let w(v) = 8*v**2 + v + 1. List the prime factors of w(r).
2, 5, 7
Let i = 25 + -39. Let b = i - -176. What are the prime factors of b?
2, 3
Let y(f) = 64*f**2 - 14*f + 64. What are the prime factors of y(9)?
2, 13, 197
Suppose -407 = -4*g + 237. Suppose g + 331 = 4*x. List the prime factors of x.
3, 41
Suppose -7 = f + 2*x - 5*x, -5*f = -2*x + 100. Let z = 78 + f. List the prime factors of z.
2, 7
Let a(p) = -p + 35. Let q be a(16). What are the prime factors of 477/q - 20/190?
5
Let z = -294 + 583. Suppose -5*w + 281 = -z. What are the prime factors of w?
2, 3, 19
Let z(p) be the first derivative of -5*p + 7/2*p**2 + 1/4*p**4 + 3*p**3 - 6. List the prime factors of z(-6).
61
Suppose -2*k = k + 156. Suppose 5*d - 1 - 14 = 0. What are the prime factors of (-3)/9 - k/d?
17
Suppose 0 = 3*z - 2*v - 50, 4*z + 0*v = 4*v + 72. Suppose 2*a - 22 = 5*b + 5*a, -3*a - z = b. Let k(q) = 2*q**2 - q - 3. What are the prime factors of k(b)?
7
Suppose 29 = 2*v - 19. What are the prime factors of 111/4*v/9?
2, 37
Let p = 26 + -17. Suppose -p*i + 10*i = 53. What are the prime factors of i?
53
Let s(i) = 88*i - 83. What are the prime factors of s(14)?
3, 383
Let m(a) = a**3 - 26*a**2 + 5*a - 29. List the prime factors of m(27).
5, 167
Let f(m) = 6*m**2 - 27*m + 225. What are the prime factors of f(22)?
3, 5, 13
Let q = 4519 - 2496. What are the prime factors of q?
7, 17
Suppose 5*h - 60 = 2*s, -5*h + 122*s = 123*s - 45. What are the prime factors of h?
2, 5
Let p(x) = -2*x**2 + 2*x + 2. Let r be p(2). Let a = r - -36. List the prime factors of a.
2, 17
Suppose 4*s + 3*y - 507 = 0, -4*y = 5*s - 971 + 338. Let d = s - 44. What are the prime factors of d?
5, 17
Let u(y) = 59*y**2 - 9*y + 8. What are the prime factors of u(7)?
2, 709
Let r = -512 - -1034. Let u = 242 - r. What are the prime factors of u/(-10) - 0/1?
2, 7
Let g(m) = -3*m**3 - 2*m**2 + m + 3. Let w be g(-3). Suppose 4*o - w = -15. What are the prime factors of (o + -8)*5/2?
2, 5
Suppose -12*j + 13*j - 2 = 0. Suppose 4 - 39 = -m - 4*n, 2*m + j*n = 76. List the prime factors of m.
3, 13
Let u be 3*(-4)/30 - (-18240)/100. Suppose 6*b = 8*b - u. List the prime factors of b.
7, 13
Let m(i) = 6*i + 43. List the prime factors of m(10).
103
Suppose 0 = 7*h - 29 - 97. What are the prime factors of h?
2, 3
Let w(m) = m - 13. Let b be w(-12). Let y = 78 + b. What are the prime factors of y?
53
Let z = 1538 - 678. Suppose -z = 12*o - 17*o. List the prime factors of o.
2, 43
Let o(q) = -q**2 - 22*q - 37. Let x be o(-16). Let j = 77 - x. What are the prime factors of j?
2, 3
Let f = 267 + -141. Suppose 3*v - 75 = f. What are the prime factors of v?
67
Let d(v) = 22*v**2 + 24*v - 96. List the prime factors of d(7).
2, 5, 23
What are the prime factors of (2/(-6))/((-18093)/1809 - -10)?
3, 67
Suppose 4*u = -5*p - 36, -u + 0*p = -p. Let o = u - -32. List the prime factors of o.
2, 7
Let g(d) = -d**3 - 2*d - 1 - 5*d**3 + 0*d**3 - d**2. List the prime factors of g(-2).
47
Let t = -394 + 1415. What are the prime factors of t?
1021
Let o(k) = -k**2 - 14*k - 8. Let n be o(-11). Let r = 47 - n. List the prime factors of r.
2, 11
Let h = 5417 - 2954. List the prime factors of h.
3, 821
Let z(c) = -c**3 - c**2 - 4*c + 2. Let y be z(-3). Let b = y - -82. List the prime factors of b.
2, 3, 19
Let u(w) = -4*w**3 - 8*w**2 - 5*w + 6. Let t be u(-5). Let f = t + -175. List the prime factors of f.
2, 3, 13
Let m(b) = 3*b**3 + b**2 - 6*b - 6. What are the prime factors of m(3)?
2, 3, 11
Let p(r) = r**3 - 14*r**2 - r - 2. Let q be p(14). What are the prime factors of ((-372)/q)/((-15)/(-40))?
2, 31
Let w = -28 + 99. Let n = -40 + w. What are the prime factors of n?
31
Let y = -415 + 761. What are the prime factors of y?
2, 173
Let a be -4 + (-4)/(8/(-18)). Suppose 110 + 360 = a*j. 